{"id":13632,"date":"2022-01-13T16:42:53","date_gmt":"2022-01-13T16:42:53","guid":{"rendered":"http:\/\/www.grefieri.ro:808\/?page_id=13632"},"modified":"2023-10-23T12:15:13","modified_gmt":"2023-10-23T12:15:13","slug":"echipa-poca-fepeaju","status":"publish","type":"page","link":"https:\/\/www.grefieri.ro\/?page_id=13632","title":{"rendered":"Echipa POCA &#8211; FEPEAJU"},"content":{"rendered":"\t\t<div data-elementor-type=\"wp-page\" data-elementor-id=\"13632\" class=\"elementor elementor-13632\" data-elementor-post-type=\"page\">\n\t\t\t\t\t\t<section class=\"ob-is-breaking-bad elementor-section elementor-top-section elementor-element elementor-element-084d057 elementor-section-boxed elementor-section-height-default elementor-section-height-default\" data-id=\"084d057\" data-element_type=\"section\" data-e-type=\"section\" data-settings=\"{&quot;_ob_bbad_use_it&quot;:&quot;yes&quot;,&quot;_ob_bbad_sssic_use&quot;:&quot;no&quot;,&quot;_ob_glider_is_slider&quot;:&quot;no&quot;}\">\n\t\t\t\t\t\t<div class=\"elementor-container elementor-column-gap-default\">\n\t\t\t\t\t<div class=\"elementor-column elementor-col-100 elementor-top-column elementor-element elementor-element-aa26d75\" data-id=\"aa26d75\" data-element_type=\"column\" data-e-type=\"column\" data-settings=\"{&quot;background_background&quot;:&quot;classic&quot;,&quot;_ob_bbad_is_stalker&quot;:&quot;no&quot;,&quot;_ob_teleporter_use&quot;:false,&quot;_ob_column_hoveranimator&quot;:&quot;no&quot;,&quot;_ob_column_has_pseudo&quot;:&quot;no&quot;}\">\n\t\t\t<div class=\"elementor-widget-wrap elementor-element-populated\">\n\t\t\t\t\t\t<div class=\"elementor-element elementor-element-443b31c ob-harakiri-inherit ob-has-background-overlay elementor-widget elementor-widget-text-editor\" data-id=\"443b31c\" data-element_type=\"widget\" data-e-type=\"widget\" data-settings=\"{&quot;_ob_use_harakiri&quot;:&quot;yes&quot;,&quot;_ob_harakiri_writing_mode&quot;:&quot;inherit&quot;,&quot;_ob_postman_use&quot;:&quot;no&quot;,&quot;_ob_perspektive_use&quot;:&quot;no&quot;,&quot;_ob_poopart_use&quot;:&quot;yes&quot;,&quot;_ob_shadough_use&quot;:&quot;no&quot;,&quot;_ob_allow_hoveranimator&quot;:&quot;no&quot;,&quot;_ob_widget_stalker_use&quot;:&quot;no&quot;}\" data-widget_type=\"text-editor.default\">\n\t\t\t\t<div class=\"elementor-widget-container\">\n\t\t\t\t\t\t\t\t\t<p><strong style=\"font-family: 'Trebuchet MS', sans-serif; font-size: var( --e-global-typography-text-font-size );\">\u00a0<\/strong><\/p><h2><strong style=\"font-family: 'Trebuchet MS', sans-serif; font-size: var( --e-global-typography-text-font-size );\">Echipa de management a proiectului<\/strong><\/h2><ol><li><p><strong>Manager proiect (de la 23.10.2023)<\/strong> &#8211; Denis-Br\u00eendu\u0219a Chiujdea<\/p><\/li><li><p><strong>Manager proiect (de la 09.06.2022 p\u00e2n\u0103 la 20.10.2023)<\/strong> &#8211; Mihai-Daniel Oni\u0219or<\/p><\/li><li><p><strong>Manager proiect (p\u00e2n\u0103 la 03.06.2022)<\/strong>\u00a0&#8211; Victor V\u0103duva<\/p><\/li><li><p><strong> Asistent manager<\/strong> &#8211; Cristina-Izabela Tru\u0219c\u0103<\/p><\/li><li><p><strong>Responsabil financiar<\/strong> &#8211; Daniela Tru\u021b\u0103<\/p><\/li><li><p><strong>Responsabil achizi\u021bii<\/strong> &#8211; Natalia-M\u0103d\u0103lina Cr\u0103can\u0103<\/p><\/li><li><p><strong>Responsabil implementare cu atribu\u021bii financiare<\/strong> &#8211; vacant<\/p><\/li><li><p><strong>Responsabil implementare cu atribu\u021bii achizi\u021bii <\/strong>&#8211; Petronela Stan<\/p><\/li><li><p><strong>Responsabil implementare cu atribu\u021bii contabilitate <\/strong>&#8211; Lumini\u021ba-Venera Culi\u021b\u0103<\/p><\/li><li><p><strong>Responsabil implementare cu atribu\u021bii resurse umane \u0219i achizi\u021bii <\/strong>&#8211; Georgiana-Alexandra Tanga<\/p><\/li><li><p><strong>Responsabil implementare coordonator 1 <\/strong>&#8211; Oana Daniela Pogoran<\/p><\/li><li><p><strong>Responsabil implementare coordonator 2 <\/strong>&#8211; Gheorghe Ifrim<\/p><\/li><li><p><strong>Responsabil implementare coordonator 3 &#8211;\u00a0 <\/strong>vacant<\/p><\/li><li><p><strong>Responsabil implementare coordonator 4 <\/strong>&#8211; Andreea Raluca Bratu<\/p><\/li><li><p><strong>Responsabil implementare coordonator 5 <\/strong>&#8211; Bogdan-Marius N\u0103v\u00eerc\u0103<\/p><\/li><li><p><strong>Responsabil implementare coordonator 6 <\/strong>&#8211; Aurelia Bulgaru<\/p><\/li><li><p><strong>Responsabil implementare coordonator 7 <\/strong>&#8211; Alin-Georgian Bordea<\/p><\/li><li><p><strong>Responsabil implementare coordonator 8 <\/strong>&#8211; Cristina-Paula Toma<\/p><\/li><li><p><strong>Responsabil implementare suport 1 &#8211; <\/strong>Geanina Arhire<\/p><\/li><li><p><strong>Responsabil implementare suport 2 <\/strong>&#8211; Adina Streche<\/p><\/li><li><p><strong>Responsabil monitorizare 1 <\/strong>&#8211; vacant<\/p><\/li><li><p><strong>Responsabil monitorizare 2 <\/strong>&#8211; Georgiana Neac\u0219u<\/p><\/li><li><p><strong>Expert IT<\/strong> &#8211; Mihaela Cristina P\u0103unescu<\/p><\/li><\/ol>\t\t\t\t\t\t\t\t<\/div>\n\t\t\t\t<\/div>\n\t\t\t\t\t<\/div>\n\t\t<\/div>\n\t\t\t\t\t<\/div>\n\t\t<\/section>\n\t\t\t\t<\/div>\n\t\t","protected":false},"excerpt":{"rendered":"<p>\u00a0 Echipa de management a proiectului Manager proiect (de la 23.10.2023) &#8211; Denis-Br\u00eendu\u0219a Chiujdea Manager proiect (de la 09.06.2022 p\u00e2n\u0103 la 20.10.2023) &#8211; Mihai-Daniel Oni\u0219or Manager proiect (p\u00e2n\u0103 la 03.06.2022)\u00a0&#8211; Victor V\u0103duva Asistent manager &#8211; Cristina-Izabela Tru\u0219c\u0103 Responsabil financiar &#8211; Daniela Tru\u021b\u0103 Responsabil achizi\u021bii &#8211; Natalia-M\u0103d\u0103lina Cr\u0103can\u0103 Responsabil implementare cu atribu\u021bii financiare &#8211; vacant Responsabil [&hellip;]<\/p>\n","protected":false},"author":190,"featured_media":0,"parent":0,"menu_order":0,"comment_status":"closed","ping_status":"closed","template":"","meta":{"footnotes":""},"class_list":["post-13632","page","type-page","status-publish","hentry"],"publishpress_future_action":{"enabled":false,"date":"2026-04-24 15:33:04","action":"change-status","newStatus":"draft","terms":[],"taxonomy":"page_cat","extraData":[]},"publishpress_future_workflow_manual_trigger":{"enabledWorkflows":[]},"_links":{"self":[{"href":"https:\/\/www.grefieri.ro\/index.php?rest_route=\/wp\/v2\/pages\/13632","targetHints":{"allow":["GET"]}}],"collection":[{"href":"https:\/\/www.grefieri.ro\/index.php?rest_route=\/wp\/v2\/pages"}],"about":[{"href":"https:\/\/www.grefieri.ro\/index.php?rest_route=\/wp\/v2\/types\/page"}],"author":[{"embeddable":true,"href":"https:\/\/www.grefieri.ro\/index.php?rest_route=\/wp\/v2\/users\/190"}],"replies":[{"embeddable":true,"href":"https:\/\/www.grefieri.ro\/index.php?rest_route=%2Fwp%2Fv2%2Fcomments&post=13632"}],"version-history":[{"count":51,"href":"https:\/\/www.grefieri.ro\/index.php?rest_route=\/wp\/v2\/pages\/13632\/revisions"}],"predecessor-version":[{"id":17047,"href":"https:\/\/www.grefieri.ro\/index.php?rest_route=\/wp\/v2\/pages\/13632\/revisions\/17047"}],"wp:attachment":[{"href":"https:\/\/www.grefieri.ro\/index.php?rest_route=%2Fwp%2Fv2%2Fmedia&parent=13632"}],"curies":[{"name":"wp","href":"https:\/\/api.w.org\/{rel}","templated":true}]}}